3). Determine r(m).
-19
Let m(j) = 1 - 3 + 7*j - 13*j - 2. Let p = 562 + -559. What is m(p)?
-22
Let c(v) = v**3 + 28*v**2 - 30*v - 42. Suppose h + 23 = 2*b, -61*b - 131 = 4*h - 56*b. What is c(h)?
-13
Suppose 102 - 87 = -30*w - 165. Let f(o) = 3*o**2 + 33*o + 96. Calculate f(w).
6
Let i(f) = f**3 + 13*f**2 + 19*f - 27. Let d be -18 + (-133)/(-19)*1. Give i(d).
6
Let m(g) = -17*g + 6. Let b(z) = -85*z + 31. Let y(j) = -2*b(j) + 11*m(j). Give y(-5).
89
Let h = 0 + 1. Let g(z) = -z**3 - 10*z**2 + 9*z - 8. Let q be g(-11). Let u(a) = 3*a - q + 13 + 2 + 3*a. What is u(h)?
7
Let i(q) = -q**2 - 17*q + 17. Let r be i(-19). Let y = r - -27. Let o(w) = -120*w - 131*w + 3 + 257*w - w**2. Determine o(y).
3
Let i(p) = 11*p - 63. Let u be ((-18)/30)/((-77)/1155). Give i(u).
36
Let j(t) be the first derivative of -235*t**2/2 - 706*t - 8131. What is j(-3)?
-1
Let f(i) = 5*i**2. Let v(c) = -c**2 - 8*c - 7. Let x be v(-7). Suppose -2*d = -5*y - 96, 0*y - 2*y + 3*d - 34 = x. Let q be 5 - -1*y/5. Calculate f(q).
5
Suppose 5*s - 13 = -x - 0*x, -4*x - 2 = 2*s. Let d(u) = -2*u**2 + 29*u**3 - u - 2 - 31*u**s - 2*u - u. Suppose -j - 5*o = -13, -j - 1 = 3*o - 8. What is d(j)?
14
Let o(w) = -21*w**2 + 2*w - 1. Suppose -2*t - 148 = -158. Let s(p) = p**3 + 3*p**2 - p. Let x be s(-3). Suppose 2 = -x*r + t. Give o(r).
-20
Let g(k) = k**2 - 21*k + 103. Let h(b) = -460*b - 7348. Let w be h(-16). What is g(w)?
-5
Suppose -2*w + q = -0 - 2, 0 = -5*w + 2*q + 7. Let m(t) be the second derivative of 1/12*t**4 - 1/3*t**3 - 1/2*t**2 + 0 - 27*t. What is m(w)?
2
Let z(m) = -m - 5. Let d be (-2 - 0) + 5 + 1. Let t be (3 - 5/2) + (-30)/d. Calculate z(t).
2
Let y(q) be the third derivative of -17*q**4/12 + 109*q**3 + 2848*q**2. What is y(19)?
8
Let u(j) = -j**3 - 3*j**2 - j - 1. Suppose 12*l + 2 = -82. Let n(k) = -3 + k**2 + k**2 - k**2 + 7*k. Let s be n(l). Determine u(s).
2
Let o(u) be the third derivative of u**5/60 - u**4/3 + u**3/6 - u**2. Let q(t) = -7*t**2 + 29*t + 3. Let m be 0*6/42 - -4. Let h be q(m). Calculate o(h).
-6
Let q(u) be the second derivative of u**6/180 + u**5/30 - 7*u**4/12 - u**3/3 + 134*u. Let a(c) be the third derivative of q(c). What is a(-5)?
-16
Let q(p) be the first derivative of 66 + 4*p**2 - p + 1/3*p**3. Give q(-6).
-13
Let y(m) = -6*m + 3. Let b(f) = 3*f + 8. Let r be b(2). Suppose -r*s + 42 = -7*s. Give y(s).
-33
Let r(h) = -h**2 + 3*h + 4. Let a = 10 - -47. Suppose 39 = -a*u + 54*u. Let c = u - -18. Give r(c).
-6
Let l(m) = m**2 + 8*m. Let o = -2160 + 2156. Determine l(o).
-16
Let g(s) be the first derivative of 61*s**2 - 738*s - 2815. Calculate g(6).
-6
Let m = 192 - 192. Let g(d) = d**2 - 2*d - 2. Let c be g(2). Let l be 3/(-3 + m) + c. Let k(i) = i**2 + 4*i - 2. What is k(l)?
-5
Let i = -4 + -2. Let h(m) be the first derivative of -m**2/2 - 3*m - 2356. Calculate h(i).
3
Let x(p) be the third derivative of -p**6/120 - p**5/10 + 43*p**4/24 - 5*p**3/6 - 2*p**2 + 13*p - 116. What is x(4)?
7
Let i(r) = -1 - 42 + 15 + 5 + 3*r. Calculate i(5).
-8
Let z(g) = 57*g**2 + g + 1. Suppose -197*p + 33*p + 66 = 230. What is z(p)?
57
Let o(y) = 9*y**3 - y**2 - 3*y + 3. Let z = 5737 - 5736. Determine o(z).
8
Let z(c) be the second derivative of -c**4/12 - 5*c**3/6 + 2*c**2 - 2*c - 1034. Calculate z(-7).
-10
Let f(i) = 7*i - 5*i + 3 + 5. Let t be ((-3570)/(-45))/((-1)/3). Let u = -245 - t. Give f(u).
-6
Let r(h) be the first derivative of h**5/10 + h**4/6 - h**3/3 + 3*h**2/2 + 85*h - 35. Let z(g) be the first derivative of r(g). Calculate z(2).
23
Let p = 204 + -202. Let g be (-317)/(-8) - 3/(-8). Suppose 3*i + 0*i - p*w = -28, -5*i + 2*w - g = 0. Let b(j) = j + 5. Calculate b(i).
-1
Let l(i) be the first derivative of i**2/2 - i - 13214. Let f be (-2)/(-10) - (-122)/(-10). Calculate l(f).
-13
Let m(s) be the third derivative of 0 - 7/6*s**3 + 0*s**4 - 12*s**2 + 1/30*s**5 + 0*s. Let l(u) be the first derivative of m(u). What is l(2)?
8
Let a(i) = -7*i - 20. Let y(l) = 2*l + 1. Suppose 4*n - n - v = 6, 2*n = 2*v + 4. Let j(m) = n*y(m) + a(m). Give j(-6).
0
Let m = 2017 + -2014. Let r = -5 - -7. Let c(u) = 3 - u**r + 1 + 0 + 2*u. Give c(m).
1
Let n(h) = -h**3 - 4*h**2 + 11*h + 19. Let k be n(-5). Let c(o) = -o**3 - 12*o**2 - 9*o + 16. Calculate c(k).
-6
Suppose 246*m - 222 = 357*m. Let a(f) be the second derivative of -5*f**3/2 + f**2/2 - 8*f. Determine a(m).
31
Let a(g) be the second derivative of -g**5/20 - g**4/2 - g**3/2 - 7*g**2/2 - g + 34. Let i(z) = 6*z - 2*z**2 - 3*z**2 + 0*z + 6*z**2. Let y be i(-5). Give a(y).
-17
Let o = -50 - -92. Let w be (-161)/o + 1/(-6). Let l(n) = -n - 5. Calculate l(w).
-1
Let h(r) be the second derivative of r**5/20 - r**4/2 + r**3 - 7*r**2/2 + 25*r. Suppose 7*i + 178 + 249 = 0. Let q = 66 + i. Determine h(q).
-2
Let g = -37 - -43. Let i(x) = -5*x**3 + 6*x**2 - 7*x - 3. Let v(j) = j**3 - j**2 + j + 1. Let q(y) = g*v(y) + i(y). Give q(0).
3
Let s(b) be the first derivative of 1/4*b**4 + 2*b**3 + 0*b - 170 + 1/2*b**2. What is s(-6)?
-6
Let b(l) = -l**3 + 19*l**2 - 18*l + 29. Let h = 27904 - 27886. Determine b(h).
29
Let w(b) = 15*b**2 + 15*b + 13*b**2 + 27 + 32*b + 8*b**2 - 12*b + b**3. What is w(-35)?
27
Let o(k) = k + 28. Let t(x) = -3*x - 79. Let f(q) = -11*o(q) - 4*t(q). Let a = 56 + -50. Determine f(a).
14
Let i be (-18*(-18)/648)/((-2 - -1) + 3). Let q(d) be the first derivative of 11*d - i*d**4 - 28 + 0*d**2 + 1/3*d**3. What is q(0)?
11
Let f(n) be the first derivative of -n**5/60 - 7*n**4/24 - n**3/3 - 15*n**2 - n + 62. Let u(m) be the second derivative of f(m). Give u(-6).
4
Let m(c) = -2971 - 2948 - 2939 + 3*c + 8830. Give m(5).
-13
Suppose 0 = -32*v + 29*v + 9. Suppose -2*q + 4 = -0*q + v*o, -3*q + 3*o - 24 = 0. Let k(c) = 4*c + 2*c - 6*c + c - 1. Give k(q).
-5
Let c(i) = 6*i**3 + 28*i**2 - 2*i - 28. Let v(g) = -g**3 - 3*g**2 + 1. Let d(a) = -c(a) - 5*v(a). Determine d(-13).
-3
Let b = 408 + -405. Let w(f) = f - 1. Determine w(b).
2
Suppose -10*v + 116 - 566 = 0. Let x = v - -45. Let l(g) = -g**2 + g + 12. Give l(x).
12
Let j(a) = -6*a**2 - 54 + 7 + 23*a - 15*a**2 + 21 - 2*a - a**3. What is j(-22)?
-4
Let u(s) be the first derivative of -s**2/2 + 2*s - 1. Let b be (-1352)/9 + (-18)/(-81). Let k = -146 - b. Determine u(k).
-2
Let h be (316/(-1580))/((-12)/3). Let w(z) be the second derivative of -3/2*z**3 + 0 - 2*z**2 - 18*z - h*z**5 + 11/12*z**4. Determine w(10).
6
Suppose -8*f = -85 - 11. Suppose 7*q - 2 = f. Let x(g) = 1 - 3 + 49*g - g**q - 58*g. Calculate x(-4).
18
Let o(n) be the third derivative of -n**6/60 + 2*n**5/5 - n**4 - n**3/2 + 24*n**2 - 72*n + 2. What is o(11)?
-25
Let g(r) = -2*r + 24. Let p be (-18)/2 - (-13 - -4 - -9). Let t(u) = u - 11. Let k(v) = p*t(v) - 4*g(v). Give k(5).
-2
Suppose -w - t + 29 = 2*t, 32 = w + 2*t. Suppose 19*y + w + 0 = 0. Let a(b) = -13*b + 1. Give a(y).
27
Let v(s) = -19*s**2 + s. Suppose -g - 5 = 4*q + 1, -5*q - 12 = -g. Let m be (3/g)/(69/(-18) + 4). Let t be (6/m)/(3*4/(-18)). What is v(t)?
-20
Let w(d) = -d**3 - 6*d**2 - 4*d - 31. Suppose -5*f - 3*g = 21, f - 3 = -5*g + 6. What is w(f)?
-7
Let p(y) = y**3 - 28*y**2 + 55*y - 61. Suppose 0 = 179*k - 6811 + 2157. What is p(k)?
17
Let u(j) = -10*j + 27. Let y = 11433 + -11421. What is u(y)?
-93
Let w = -771 - -771. Suppose w = 3*x + 3*l, 5*x + 6 = 3*l - 34. Let u(b) = -b**3 - 2*b**2 + 8*b + 7. Determine u(x).
42
Let v(j) be the first derivative of j**4/4 - j**3 - 7*j**2/2 + 4*j + 199. Let f = -372 + 377. Give v(f).
19
Suppose -3*o - 43*k - 2 = -42*k, -o + 2*k - 3 = 0. Let z(c) = 23*c**3 - c - 2. What is z(o)?
-24
Let v = -29704 - -29694. Let c(a) = 3*a**2 + 15*a - 27. Calculate c(v).
123
Let f = 1051 - 1075. Let b(d) = d + 28. Determine b(f).
4
Let w(d) = 41*d + 27 - 37*d + d**3 - 3*d**2 - 2*d + 3*d**2 + 5*d**2. Calculate w(-5).
17
Let p(m) = -m**3 + 3*m**2 + 13*m - 14. Let k be p(4). Let w(o) = 7*o + 17*o + 0 - 5 - k*o. Determine w(5).
5
Suppose -1302 + 1299 = -x. Let t(r) = -2*r**3 + r**2 - 5*r + 7. What is t(x)?
-53
Let d(v) = 2*v**3 - 12*v**2 + 3*v - 7. Let q be d(7). Suppose 0 = -q*n + 122*n + 10. Let m(j) = -4*j**3 + j**2. Calculate m(n).
5
Suppose 12 = -2*r + 4*d - 4, 2*r - 29 = -5*d. Let g be 3/(((-6)/(-28))/(r/(-4))). Let f(q) = 2 - q + 6 - 12. Give f(g).
3
Suppose 0 = -6*k + 4*k + 5*c - 27, 5*c = 15. Let u(l) = 7*l**2 +